{"id":577,"date":"2024-05-21T16:39:58","date_gmt":"2024-05-21T14:39:58","guid":{"rendered":"http:\/\/eduanimalis.pl\/?post_type=product&#038;p=577"},"modified":"2025-04-22T06:16:47","modified_gmt":"2025-04-22T04:16:47","slug":"577","status":"publish","type":"product","link":"https:\/\/eduanimalis.pl\/index.php\/produkt\/577\/","title":{"rendered":"Rally-O w mie\u015bcie"},"content":{"rendered":"<p>Liczba ps\u00f3w w grupie: max 8<\/p>\n<p>Kto prowadzi zaj\u0119cia: Katarzyna Wawryniuk, Aleksandra Fydryszewska (W przypadku grupy do 4 ps\u00f3w, zaj\u0119cia prowadzi jedna trenerka).<\/p>\n<p>Cena: 310zl<\/p>\n<p>Uwaga \u2013 nieobecno\u015bci nie b\u0119d\u0105 odrabiane, brak obecno\u015bci \u2013 trening przepada.<\/p>\n<div class=\"sharing-default-minimal post-bottom\"><div class=\"nectar-social default\" data-position=\"\" data-rm-love=\"0\" data-color-override=\"override\"><div class=\"nectar-social-inner\"><a href=\"#\" class=\"nectar-love\" id=\"nectar-love-577\" title=\"Love this\"> <i class=\"icon-salient-heart-2\"><\/i><span class=\"love-text\">Love<\/span><span class=\"total_loves\"><span class=\"nectar-love-count\">0<\/span><\/span><\/a><a class='facebook-share nectar-sharing' href='#' title='Share this'> <i class='fa fa-facebook'><\/i> <span class='social-text'>Share<\/span> <\/a><\/div><\/div><\/div>","protected":false},"excerpt":{"rendered":"<h6>Kurs dedykowany kursantom EduAnimalis, kt\u00f3rzy chc\u0105 rozwija\u0107 umiej\u0119tno\u015bci swojego psa w kierunku pos\u0142usze\u0144stwa sportowego, ale na luzie, \u0142\u0105cz\u0105c to z prac\u0105 behawioraln\u0105.<\/h6>\n<h6>Co daj\u0105 zaj\u0119cia:<\/h6>\n<h6>&#8211; Doskonalenie wykonywania polece\u0144 z zakresu kategorii standard, klasy 1 Rally-O (tablice 1-28)<\/h6>\n<h6>&#8211; Wzmocnienie wi\u0119zi i ulepszanie komunikacji z psem<\/h6>\n<h6>&#8211; Patenty na budow\u0119 motywacji ( wewn\u0119trznej i zewn\u0119trznej) u psa<\/h6>\n<h6>&#8211; Nauk\u0119 ignorowania \u201erozpraszaczy\u201d psiej uwagi.<\/h6>\n<h6>&#8211; Trening samokontroli, autokontroli i samoregulacji u ps\u00f3w.<\/h6>\n<h6>&#8211; Szlifowanie grzecznego czekania w pe\u0142nej relaksacji, mi\u0119dzy startami na torze Rally-o<\/h6>\n","protected":false},"featured_media":578,"comment_status":"open","ping_status":"closed","template":"","meta":[],"product_cat":[58],"product_tag":[79,76,26,77,78],"_links":{"self":[{"href":"https:\/\/eduanimalis.pl\/index.php\/wp-json\/wp\/v2\/product\/577"}],"collection":[{"href":"https:\/\/eduanimalis.pl\/index.php\/wp-json\/wp\/v2\/product"}],"about":[{"href":"https:\/\/eduanimalis.pl\/index.php\/wp-json\/wp\/v2\/types\/product"}],"replies":[{"embeddable":true,"href":"https:\/\/eduanimalis.pl\/index.php\/wp-json\/wp\/v2\/comments?post=577"}],"wp:featuredmedia":[{"embeddable":true,"href":"https:\/\/eduanimalis.pl\/index.php\/wp-json\/wp\/v2\/media\/578"}],"wp:attachment":[{"href":"https:\/\/eduanimalis.pl\/index.php\/wp-json\/wp\/v2\/media?parent=577"}],"wp:term":[{"taxonomy":"product_cat","embeddable":true,"href":"https:\/\/eduanimalis.pl\/index.php\/wp-json\/wp\/v2\/product_cat?post=577"},{"taxonomy":"product_tag","embeddable":true,"href":"https:\/\/eduanimalis.pl\/index.php\/wp-json\/wp\/v2\/product_tag?post=577"}],"curies":[{"name":"wp","href":"https:\/\/api.w.org\/{rel}","templated":true}]}}