{"id":88,"date":"2022-07-04T22:54:57","date_gmt":"2022-07-04T20:54:57","guid":{"rendered":"http:\/\/eduanimalis.pl\/index.php\/produkt\/album\/"},"modified":"2022-07-05T10:21:30","modified_gmt":"2022-07-05T08:21:30","slug":"konsultacja-behawioralna","status":"publish","type":"product","link":"https:\/\/eduanimalis.pl\/index.php\/produkt\/konsultacja-behawioralna\/","title":{"rendered":"Konsultacja behawioralna &#8211; zwierz\u0119ta domowe"},"content":{"rendered":"<p>[vc_row type=&#8221;in_container&#8221; full_screen_row_position=&#8221;middle&#8221; column_margin=&#8221;default&#8221; column_direction=&#8221;default&#8221; column_direction_tablet=&#8221;default&#8221; column_direction_phone=&#8221;default&#8221; scene_position=&#8221;center&#8221; text_color=&#8221;dark&#8221; text_align=&#8221;left&#8221; row_border_radius=&#8221;none&#8221; row_border_radius_applies=&#8221;bg&#8221; overlay_strength=&#8221;0.3&#8243; gradient_direction=&#8221;left_to_right&#8221; shape_divider_position=&#8221;bottom&#8221; bg_image_animation=&#8221;none&#8221;][vc_column column_padding=&#8221;no-extra-padding&#8221; column_padding_tablet=&#8221;inherit&#8221; column_padding_phone=&#8221;inherit&#8221; column_padding_position=&#8221;all&#8221; column_element_spacing=&#8221;default&#8221; background_color_opacity=&#8221;1&#8243; background_hover_color_opacity=&#8221;1&#8243; column_shadow=&#8221;none&#8221; column_border_radius=&#8221;none&#8221; column_link_target=&#8221;_self&#8221; gradient_direction=&#8221;left_to_right&#8221; overlay_strength=&#8221;0.3&#8243; width=&#8221;1\/1&#8243; tablet_width_inherit=&#8221;default&#8221; tablet_text_alignment=&#8221;default&#8221; phone_text_alignment=&#8221;default&#8221; bg_image_animation=&#8221;none&#8221; border_type=&#8221;simple&#8221; column_border_width=&#8221;none&#8221; column_border_style=&#8221;solid&#8221;][vc_column_text]W cen\u0119 wchodzi us\u0142ugi wchodzi:<\/p>\n<p>\u2981 Konsultacja z dojazdem do miejsca zamieszkania zwierz\u0119cia<br \/>\n&#8211; Obserwacja, wywiad, rozpoznanie.<br \/>\n&#8211; Okre\u015blenie przyczyn zachowania.<br \/>\n&#8211; Analiza czynnik\u00f3w \u015brodowiskowych wp\u0142ywaj\u0105cych na zachowanie zwierz\u0119cia.<br \/>\n&#8211; Opracowanie planu pracy wraz z planem wynikowym na 4 tygodnie.<br \/>\n&#8211; Zalecenia zgodne z ustalonym planem dzia\u0142ania<br \/>\n&#8211; Instrukta\u017c<\/p>\n<p>\u2981 Konsultacje kontrole on-line, 2 x 45min.<br \/>\n&#8211; Sprawdzenie realizacji zalece\u0144 z poprzedniej konsultacji.<br \/>\n&#8211; Wprowadzenie nowych zalece\u0144 zgodni z planem pracy.<br \/>\n&#8211; Instrukta\u017c<br \/>\n&#8211; Motywacja do pracy!<\/p>\n<p>\u2981 Zalecenia spisane w formie kr\u00f3tkiej notatki.[\/vc_column_text][\/vc_column][\/vc_row]<\/p>\n<div class=\"sharing-default-minimal post-bottom\"><div class=\"nectar-social default\" data-position=\"\" data-rm-love=\"0\" data-color-override=\"override\"><div class=\"nectar-social-inner\"><a href=\"#\" class=\"nectar-love\" id=\"nectar-love-88\" title=\"Love this\"> <i class=\"icon-salient-heart-2\"><\/i><span class=\"love-text\">Love<\/span><span class=\"total_loves\"><span class=\"nectar-love-count\">0<\/span><\/span><\/a><a class='facebook-share nectar-sharing' href='#' title='Share this'> <i class='fa fa-facebook'><\/i> <span class='social-text'>Share<\/span> <\/a><\/div><\/div><\/div>","protected":false},"excerpt":{"rendered":"<p>W cenie dojazd do psa\/kota na terenie Szczecina, Mierzyna, Warzymic, Pilchowa, Przec\u0142awia. Terminy ustalane s\u0105 na bie\u017c\u0105co po otrzymaniu p\u0142atno\u015bci.<\/p>\n","protected":false},"featured_media":142,"comment_status":"open","ping_status":"closed","template":"","meta":[],"product_cat":[39],"product_tag":[27,36,30,31,33,32,34,22,35,21,37,29,38,28],"_links":{"self":[{"href":"https:\/\/eduanimalis.pl\/index.php\/wp-json\/wp\/v2\/product\/88"}],"collection":[{"href":"https:\/\/eduanimalis.pl\/index.php\/wp-json\/wp\/v2\/product"}],"about":[{"href":"https:\/\/eduanimalis.pl\/index.php\/wp-json\/wp\/v2\/types\/product"}],"replies":[{"embeddable":true,"href":"https:\/\/eduanimalis.pl\/index.php\/wp-json\/wp\/v2\/comments?post=88"}],"wp:featuredmedia":[{"embeddable":true,"href":"https:\/\/eduanimalis.pl\/index.php\/wp-json\/wp\/v2\/media\/142"}],"wp:attachment":[{"href":"https:\/\/eduanimalis.pl\/index.php\/wp-json\/wp\/v2\/media?parent=88"}],"wp:term":[{"taxonomy":"product_cat","embeddable":true,"href":"https:\/\/eduanimalis.pl\/index.php\/wp-json\/wp\/v2\/product_cat?post=88"},{"taxonomy":"product_tag","embeddable":true,"href":"https:\/\/eduanimalis.pl\/index.php\/wp-json\/wp\/v2\/product_tag?post=88"}],"curies":[{"name":"wp","href":"https:\/\/api.w.org\/{rel}","templated":true}]}}